- x = -119, 2*x = -8. Suppose 0*c + m = 5*c. List the prime factors of c.
3
Let z(y) = 4*y + 10 - 3*y - 1. Suppose -3*r = -0 + 21. List the prime factors of z(r).
2
Let f(c) = c**3 - 7*c**2 + 6*c - 1. Let w be f(6). Let x be (-3)/(-2 + w)*13. Let h = x - 0. What are the prime factors of h?
13
Suppose -13*s - 30 = -15*s. What are the prime factors of s?
3, 5
Let r(h) = 4*h**3 - 2*h**2 + 2*h - 3. Let d be r(2). Let y = d - 13. What are the prime factors of y?
2, 3
Let p(i) = -3*i + 4. Let a be (12/(-10))/((-20)/(-50)). List the prime factors of p(a).
13
Let x(u) = 6*u**3 - 7*u**2 + 19. What are the prime factors of x(4)?
3, 97
Let w = 18 - 13. List the prime factors of w.
5
Let y = 8 - 1. Let x(h) = -h**3 + 7*h**2 + 2*h - 8. What are the prime factors of x(y)?
2, 3
Suppose 0 = -5*n + 3*o - 10, 4*n + 5*o = -n + 30. Let a(p) = -p**2 + 2*p + 4. Let g be a(3). List the prime factors of 6*g/1*n.
2, 3
Suppose 0 = v + 11 + 32. Let j = v - -83. What are the prime factors of j?
2, 5
Suppose 2*n = -p + 121, -3*n + 3*p = n - 267. Suppose 4*u + 15 = n. What are the prime factors of u?
2, 3
Let d(p) = -1. Let r(u) = -18*u**2 + 1. Let o(l) = -2*d(l) - r(l). List the prime factors of o(1).
19
Let t(a) = -a**3 - 4*a**2 + 2*a + 1. Suppose 0 = -0*s - 4*s - 20. Let x be t(s). Let v = x - 2. What are the prime factors of v?
2, 7
Let h = 271 + -36. List the prime factors of h.
5, 47
Let u be 2/(-5) + (-9)/15. List the prime factors of 0 + (32 - u)/3.
11
Suppose 0 = -5*u + 39 - 14. What are the prime factors of u?
5
Let f = -21 - -48. List the prime factors of f.
3
Let f = -6 - -2. What are the prime factors of (-48)/2*f/8?
2, 3
Suppose 3*v - 5*v = 5*c - 287, 3*c - 176 = -5*v. What are the prime factors of c?
3, 19
Let t be (0/2)/(2 + -1). Suppose -3*f = -t*f - 54. Suppose 0*d - 2*d = -f. What are the prime factors of d?
3
Let k(w) = -w - 2. Let z be k(0). Let r be (-55)/(-10) + 1/z. What are the prime factors of 9/15 - (-42)/r?
3
Let y(f) = -2 - 2*f**3 + 0 - 8*f**2 + f**3 + 4*f. List the prime factors of y(-9).
43
Let x = 32 + -22. Suppose 5*z = -x, 5*n - z - 8 = -2*z. Let g(w) = 5*w + 1. List the prime factors of g(n).
11
Let i(s) = s**3 + s**2 - 2*s - 1. Let x be i(-2). Let n be ((-2)/(-3))/(x/(-6)). Suppose -n*z - z = -45. List the prime factors of z.
3
Suppose -4*c - 5*n - 22 = 3, -n = -3*c - 14. Let u = c - -10. List the prime factors of u.
5
Let d(p) = 3*p - 24. What are the prime factors of d(10)?
2, 3
Let p(v) = v**3 - 6*v**2 + 2. Suppose 0 = 9*w - 4*w - t - 53, -3*t - 49 = -5*w. Let b = w + -5. What are the prime factors of p(b)?
2
Let m(h) = -3*h - h**3 + h**2 + 2*h**2 + 1 - h + 2*h**3. What are the prime factors of m(-3)?
13
Let d(i) = -i + 2. Let b be d(2). Let x(j) = -j**2 + 68. Let y be x(b). Suppose -u - y = -4*r - 3*u, -2*r - 5*u = -42. List the prime factors of r.
2
Let z = 39 + -56. Let w = z - -29. List the prime factors of w.
2, 3
Suppose 0*x - 9 = 3*x. Let z(g) = g**2 - 6*g. Let p be z(5). Let r = x - p. What are the prime factors of r?
2
Let t(j) = -4*j + 5*j + 1 + 3. List the prime factors of t(3).
7
Let o(y) = 5*y**3 - 4*y**2 + 2*y. List the prime factors of o(2).
2, 7
Let r(v) = v**3 - 8*v**2 + 5*v - 4. Let c be r(8). Suppose -n + 5*n = c. Suppose -n = -6*i + 3*i. What are the prime factors of i?
3
Suppose 0 = 5*o - 211 + 36. What are the prime factors of o?
5, 7
List the prime factors of -1 + 2238/4*14/21.
2, 3, 31
Suppose 2*x = -3*x + 3*c + 95, 2*x - c = 38. Let z = x - 11. List the prime factors of z.
2
Let p = 49 + -34. List the prime factors of p.
3, 5
Let l(j) = -j**3 + 10*j**2 + 11*j + 16. List the prime factors of l(9).
2, 7
List the prime factors of 4 + (18/(-12))/((-6)/368).
2, 3
Let b = 8 - 4. What are the prime factors of (0 + b)*(-4)/(-8)?
2
Let z(j) = -j**2 - 7*j - 5. Let i be z(-5). Suppose 5*v + 15 = -i. Let y = 9 + v. List the prime factors of y.
5
Let o(v) = v**2 + 3*v + 3. Let w be o(-3). Suppose 0 = -3*b, -w*p - 4*b = -29 - 4. What are the prime factors of p?
11
Let p be 2/4 + 3/6. Let k(a) = -a + 7. Let y be k(0). Let l = p + y. What are the prime factors of l?
2
Let v = 7 - 11. What are the prime factors of (-1)/4 + (-41)/v?
2, 5
What are the prime factors of (-10)/(-75) + 2816/30?
2, 47
Let n be (-1)/(-5) + (-38)/(-10). What are the prime factors of n/10 - (-272)/20?
2, 7
Let k be 17*(12 + 6/(-3)). Suppose 4*p = s + k, 5*s + 2*p + 468 = 2*s. What are the prime factors of 10/(-35) - s/14?
11
Let l(u) be the first derivative of -u**3/3 + 2*u**2 + 2*u - 3. Let y be l(5). What are the prime factors of (4 + -3)*y - -7?
2
Let a = -8 - -12. Let w(t) = t**3 - 4*t**2 + t - 2. List the prime factors of w(a).
2
Let v be ((-4)/(-3) - 2)*108/24. Let u(t) be the second derivative of t**4/12 - 2*t**3/3 - 3*t**2/2 + t. What are the prime factors of u(v)?
2, 3
Let t(j) = -2*j**3 - 2*j - 1. Let g be t(-3). Suppose -g = -3*v + 13. Suppose 0 = 2*u - 5*p - 6, 2*u + 4*p - v = 0. List the prime factors of u.
2
Let z = -60 - -87. Suppose 0 = 3*h - s + 51, 0 = -5*s + 2 - 17. Let p = z + h. List the prime factors of p.
3
Let a = -5 - -5. Suppose a = -t + 10 + 24. List the prime factors of t.
2, 17
Let a(i) be the first derivative of 2*i**2 - 2*i + 3. What are the prime factors of a(3)?
2, 5
Suppose -x = -4*b + 10, -14 = -5*b + 2*x - 0*x. Suppose -4*h - 2*w + 8 = 0, -2 = -h + 7*w - 2*w. Let m = b + h. What are the prime factors of m?
2
Let t(o) = -o**2 + 9*o. Let f be t(9). Let v = f + 3. Suppose h - 7 + v = 0. What are the prime factors of h?
2
Let p(h) = -10*h + 1. What are the prime factors of p(-1)?
11
Suppose -77 + 5 = 3*b. Let r(g) = -g**3 + 4*g**2 + 11*g - 6. Let i be r(6). Let n = i - b. What are the prime factors of n?
2, 3
Let c(d) = 12*d**3 - 2*d**2 + 1. Let w be c(1). Let l = -17 + w. Let f(r) = -r**3 - 7*r**2 - 7*r + 5. List the prime factors of f(l).
11
Suppose 4*u = 4*k, 0 = -4*u - 2*k + 3*k - 9. Let j(l) = -8*l - 3. What are the prime factors of j(u)?
3, 7
Let p(z) be the second derivative of z**5/20 - z**4/2 - z**3/3 + 4*z**2 - 3*z. Let h be p(6). What are the prime factors of (-11)/h + 1/4?
3
Suppose 5*w = -4*l + 168, 0*w - 51 = -w + 5*l. What are the prime factors of w?
2, 3
Suppose 4*r + 110 = 2*y, 5*y - 205 - 145 = -5*r. What are the prime factors of y?
5, 13
Suppose 24 = 2*x + 2. Suppose 1 = -3*t + 10. Suppose -16 - x = -t*i. List the prime factors of i.
3
Suppose -z - 10 = -6*z - 2*j, -2*j + 10 = -4*z. Suppose 3*b = -i + 16, -4*i - i + 5*b + 60 = z. List the prime factors of i.
13
Suppose -604 = -4*k - 4*v, 4*k + 3*v = 6*v + 576. What are the prime factors of k?
3, 7
Let h be (1 + (-4 - -2))*1. Let x be (-1)/(6/(-8) - h). What are the prime factors of (8/(-2))/(8/x)?
2
Suppose 0 = -5*d + b - 75, -b - 61 - 4 = 5*d. Suppose 0 = 3*c - 5 - 4. List the prime factors of -3*(d/c - 1).
17
Let o be -4*((-10)/(-8))/(-1). Suppose 3 + o = 4*k. Suppose 0 - k = -r - 2*g, 3*r = g + 20. What are the prime factors of r?
2, 3
Let u = 68 - 4. Suppose -4*z + u = -0. Suppose -3*n = n - z. List the prime factors of n.
2
Let n(b) = 0 + 1 + b + 1. Let r be (4/(-5))/2*-5. What are the prime factors of n(r)?
2
Let d(f) = f + 9. Let c be d(0). Let x(n) = n**2 - 8*n - 2. List the prime factors of x(c).
7
Suppose -t + 5*n = -45, -3*t + 115 = -0*n - 5*n. Suppose t + 57 = 4*y. Let x = y + -13. What are the prime factors of x?
2, 5
Suppose z + 416 = 5*z. What are the prime factors of z?
2, 13
Suppose 2*c + 6 - 66 = 0. Suppose -7*f + c = -2*f. What are the prime factors of f?
2, 3
Let q(s) = -s**2 + 4*s + 1. Suppose -5*n - 2*v = -25, 3*n - 1 = v + 14. Let z be q(n). What are the prime factors of ((-9)/6)/(2/z)?
3
Let q(i) = i**2 + 11*i - 13. Let z(t) = -t**2 - 12*t + 14. Let o(k) = -6*q(k) - 5*z(k). What are the prime factors of o(-6)?
2
Let u = -13 + 51. List the prime factors of u.
2, 19
Let f be 48/5 + 15/(-25). Suppose 0 = -5*v + f + 81. List the prime factors of v.
2, 3
Suppose -3*l = -3*m + 6*m - 6, -5*m - 5 = 2*l. Suppose -h + 5 = 4*f + 1, -h = l*f + 1. What are the prime factors of h?
2, 3
Suppose -5*c - 4*s - 8 = -4*c, c + 3*s + 5 = 0. Suppose i - 3*h - 28 = 0, -3*h + c*h = -5. What are the prime factors of i?
13
Let w(p) = -p**3 - p - 2. Let g be w(0). Let l = g + 5. Suppose -u - 4*q - 52 = -5*u, l*q = -u + 13. List the prime factors of u.
